1 and f?
1
Suppose -7*x = -421 - 41. Calculate the highest common factor of x and 6.
6
Let w be 4*(12/(-16) - -2). What is the highest common factor of w and 10?
5
Let b = -16 + 50. Calculate the greatest common divisor of b and 136.
34
Let s be (-12)/(0 - 2) - (1 - -2). Let a be 4/((-12)/147) + -1. Let o = -20 - a. Calculate the greatest common factor of s and o.
3
Let w(c) = c**2 + 3*c - 8. Suppose 5*z = 3*x + 38, -5*x - 2*z = -4*x - 2. Let g be w(x). Calculate the highest common factor of 10 and g.
10
Let i be (1 - (1 - -2)) + -2. Let g(p) = p**2 - p + 5. Let c be g(i). Suppose -2*m = -c - 31. What is the highest common divisor of m and 4?
4
Let q be -16*(-1 + -2 + 2). Let d(z) = -122*z. Let l be d(-1). Suppose 5*v - 2*p = 3*p + 630, 3*p = v - l. Calculate the greatest common divisor of v and q.
16
Let j = -18 - -30. Suppose -28 = -5*k - 2*r, 4*k - 5*r - j = -4*r. Calculate the greatest common factor of k and 20.
4
Let v be (2/3)/(26/273). Calculate the highest common factor of 49 and v.
7
Let n = -23 - -53. Calculate the highest common factor of 12 and n.
6
Suppose -20 = -4*y, -3*w - 111 = 5*y + 59. Let i be (-1030)/w - 2/(-13). What is the greatest common factor of i and 144?
16
Let m(s) = s**2 + s + 30. Let f be m(0). Suppose 4*l - 79 + 31 = 0. Calculate the highest common factor of l and f.
6
Let x = 333 + -135. Calculate the highest common factor of 18 and x.
18
Suppose -2 = -c - 0. Suppose -4*j + 7*j - 18 = 0. What is the greatest common divisor of c and j?
2
Suppose n = -4*s - n - 24, 5*n + 24 = -s. Let r = s + 0. Let c be (0 - 6)*110/r. Calculate the highest common factor of 15 and c.
15
Suppose -15 + 3 = 2*o. Let v be (-4)/(-24) - 155/o. Calculate the highest common divisor of 65 and v.
13
Suppose -n + 5*y + 48 = 0, 4*n + 4*y - 124 = -n. What is the greatest common factor of 308 and n?
28
Let a(y) = 5*y - y**2 + 4*y - 5*y - 3. Let g be a(4). Let o be (9/6)/(g/(-48)). What is the highest common divisor of o and 12?
12
Let m = -33 + 45. What is the greatest common divisor of 3 and m?
3
Let j(s) = 3*s**3 - s**2 + 2. Let l be j(2). Calculate the highest common divisor of 11 and l.
11
Let q(p) = 13*p + 10. Let l be 3/12 + (-30)/(-8). Let m be q(l). Calculate the greatest common divisor of 93 and m.
31
Suppose -2*s - l = -11 - 92, 5*s = -3*l + 255. Suppose -2*i + 18 = i. What is the greatest common divisor of s and i?
6
Let j = 7 + 40. Suppose j = -5*b + 322. Let r = b - 33. Calculate the greatest common factor of r and 11.
11
Let h(x) = -11*x - 1. Let l be h(-3). Calculate the highest common factor of 224 and l.
32
Suppose 0 = 4*u - 8*u + 20. Suppose 2*y + 162 = u*y. Let x be ((-12)/(-7))/((-1)/(-21)). Calculate the greatest common divisor of x and y.
18
Let i(v) = v**2 - 8*v - 5. Let l be i(11). Calculate the highest common factor of 196 and l.
28
Let k = 2 - -12. Let o be k*(-4)/(-16)*2. Let t(l) = 3*l**3 - 3*l**2 + 2*l - 4. Let p be t(3). Calculate the greatest common divisor of p and o.
7
Let x = -14 + 56. What is the highest common factor of x and 14?
14
Suppose -m = -4*c - 0*m + 54, -2*c = -5*m - 18. What is the highest common factor of 2 and c?
2
Suppose -16 = -2*c + 4*w, -4*c - 2*w + 18 = -3*w. Let u(r) = r + 2. Let b be u(0). Calculate the highest common factor of c and b.
2
Let d(f) = f**2 - f. Let x be d(-2). Let h = x + -3. Let z be 3*(-1)/1*-1. Calculate the greatest common divisor of h and z.
3
Let q be 2/8 + 822/(-24). Let r = -19 - q. Calculate the greatest common divisor of r and 6.
3
Let b(l) = 4*l**2 - 13*l + 11. Let m be b(11). Calculate the greatest common divisor of 32 and m.
32
Let f = 42 + -25. Calculate the greatest common divisor of f and 68.
17
Let n be 4 - 3 - (-1 - 1). Suppose -3*h + 92 = -2*o - 42, 0 = -3*h - n*o + 159. What is the highest common divisor of h and 6?
6
Let w be -1 - 19/2*-6. Let l be (0/1)/(-5 - -6). Suppose 4*f - w + 16 = l. What is the highest common factor of f and 10?
10
Suppose q + q - 14 = 0. Calculate the greatest common factor of q and 77.
7
Let k(l) = -2*l**2 - 25*l + 7. Let b be k(-12). What is the highest common divisor of 19 and b?
19
Let h be (-5)/(-20) - 71/(-4). Let n = 4 + h. Let o be -4*11*5/(-2). What is the greatest common factor of n and o?
22
Let d be 1/(-2 + 108/52). Suppose 3*y - 434 = 4*k - 106, 0 = 4*y + 4*k - 400. Calculate the greatest common factor of y and d.
13
Let r = -289 - -723. What is the highest common divisor of 14 and r?
14
Let x = -6 - -11. Calculate the greatest common factor of x and 85.
5
Let v be 80/60 + ((-8)/(-6))/2. Suppose 3*s = 0, -2*b + 3*s + 19 = -1. What is the highest common factor of v and b?
2
Suppose -3*m = 2*z - 1, -15 = -3*z - 3*m - 6. Suppose 9*p - 120 = 4*p. What is the highest common factor of z and p?
8
Let w = -155 - -30. Let a = w - -213. Calculate the highest common divisor of 11 and a.
11
Suppose -3*i = 0, -2*i - 2*i - 320 = -2*v. What is the highest common factor of 32 and v?
32
Let d = -64 - -15. Let y be ((-40)/(-14))/((-14)/d). Calculate the greatest common divisor of y and 1.
1
Let o(q) = q**3 + 12*q**2 - 17*q - 10. Let z be o(-13). Suppose 4*v + 16 = x + 2*v, 4*x = -3*v + z. What is the highest common factor of x and 60?
12
Let w(m) = -290*m**2 + m. Let x be w(-1). Let k = -116 - x. What is the greatest common factor of 25 and k?
25
Let x be -8*(2 + 1 - 4). Suppose -3*k = -1031 + 236. Suppose -3*m = 73 - k. What is the highest common divisor of m and x?
8
Suppose 3*k - 5*k = -16. Suppose -3 - 6 = 3*c. Let h be (1 + c)*1/(-2). What is the greatest common factor of h and k?
1
Let g(s) = 6*s**2 + 4*s + 3. Let p be g(-3). What is the highest common divisor of p and 15?
15
Let p = 22 + -10. Let b be 10/4*(19 - -5). What is the greatest common factor of p and b?
12
Let r(w) = -w**2 - 10*w - 17. Let u be r(-6). Calculate the greatest common divisor of 1 and u.
1
Let p = 75 - 52. Suppose 4*r + 13 + p = 4*y, 3*r - 9 = -3*y. What is the greatest common factor of 54 and y?
6
Let r = -13 - -25. Suppose 3*x = -q - 0*q + 24, x - 88 = -3*q. Let k be q/(-4)*88/(-5). Calculate the greatest common factor of k and r.
12
Let k be (-12)/(-66) + (-1228)/(-22). Let b be (-1 - 3)/(1/(-2)). What is the highest common divisor of b and k?
8
Let l(p) = -2*p**3 - 4*p**2 - p + 2. Let g = -8 - -6. Let k be l(g). Suppose 36 = k*o - 0*o. What is the highest common divisor of o and 27?
9
Suppose 0 = -x + 3, -4*p - 3*x = -2*p - 45. Calculate the greatest common factor of p and 6.
6
Let g(b) = 31*b - 4. Let d(t) = 30*t - 3. Let q(r) = -6*d(r) + 5*g(r). Let x be q(-2). Calculate the greatest common factor of 16 and x.
16
Suppose 5*z + 2*t = 4*t + 382, 4*z + t = 303. Calculate the highest common divisor of 19 and z.
19
Suppose -39 - 69 = -3*d. Suppose -2*c - d = 5*r - 109, 144 = 3*c - 4*r. What is the greatest common factor of c and 22?
22
Let p be ((-10)/(-4))/((-6)/(-12)). Let s(y) = y**3 - 5*y**2 + y + 7. Let q be s(p). Let l be (1 + -5)/(2/(-42)). What is the highest common divisor of l and q?
12
Suppose 2*u - 44 - 76 = 0. Let i = 39 - 15. Calculate the greatest common factor of u and i.
12
Suppose -49 = h - 258. Calculate the greatest common factor of h and 19.
19
Let o = -2 + 8. What is the highest common divisor of 9 and o?
3
Let v = -130 - -139. Calculate the highest common divisor of v and 3.
3
Suppose 2*b + 3 = i - 15, 5*b + 36 = 2*i. Calculate the greatest common factor of 2 and i.
2
Let c be 2/(-21)*3 - (-1146)/42. Calculate the greatest common divisor of c and 189.
27
Let d be (-231)/(-15) - 2/5. Suppose 4*k - 3*w - 102 = 123, 2*k = 5*w + 95. What is the highest common divisor of k and d?
15
Suppose -w = -3*l + 6 - 30, 0 = 5*w - 5*l - 80. Suppose -2*i + 4*z + 14 = 2, -z + 51 = 4*i. Calculate the greatest common divisor of i and w.
12
Let l be (-1 - (-2 + 0))*3. Let h = 6 - l. Let b be h/(((-14)/(-24))/7). What is the greatest common divisor of 90 and b?
18
Let d be (-26 - -1)*(-12)/5. Let q = -131 - -143. Calculate the greatest common factor of d and q.
12
Let c = -116 + 258. Let b be 2/(-7) - c/(-7). What is the greatest common factor of 100 and b?
20
Suppose 4*w - 3 = -4*q + 29, w - 40 = -5*q. What is the greatest common factor of 40 and q?
8
Let u(p) = -2*p**3 - p**2 - 2*p - 1. Let s be u(-1). Suppose n + s = 8. Calculate the highest comm